9 - -215. What is the remainder when 316 is divided by z?
12
Suppose -56 = -m - 2*g, -m + g + 65 = 6*g. Let h = m - 33. Calculate the remainder when h is divided by 7.
3
Let j = -31 - 32. Let k = -29 - j. Let c = k + -13. Calculate the remainder when c is divided by 8.
5
Let u = 38 - 14. Suppose 5*x - u = 1. What is the remainder when x is divided by 2?
1
What is the remainder when (-6)/(-2) + -3 - -38 is divided by 2 - -10 - 1/1?
5
Let j(o) = -32*o + 47. Calculate the remainder when j(-6) is divided by 48.
47
Let z = -16 + 23. Let s = 130 + -118. What is the remainder when s is divided by z?
5
Let d(g) = 4*g**2 - 5. Suppose -3*n - 17 + 26 = 0. Calculate the remainder when d(n) is divided by 8.
7
Let p = -134 + 151. What is the remainder when 46 is divided by p?
12
Calculate the remainder when (-486)/810*(-2 - 128)/2 is divided by 11.
6
Suppose 36*a - 37*a - 4*o + 19 = 0, -o = 1. Calculate the remainder when a is divided by 8.
7
Let r be 2052/396 - (1 + (-18)/22). Suppose 115 = r*y + 2*l - 7*l, 2*l - 8 = 0. Calculate the remainder when 80 is divided by y.
26
Let c = 1130 + -885. What is the remainder when c is divided by 18?
11
Let j(v) = -v**2 + 12*v + 6. Let d(m) = 9*m + 140. What is the remainder when j(8) is divided by d(-13)?
15
Suppose 0 = -12986*p + 12975*p + 253. Let l = 1 - -4. Suppose -r + 0*r - 198 = -3*z, l*z - 329 = 2*r. Calculate the remainder when z is divided by p.
21
Let a be (50/14 - 1)*7. What is the remainder when 44 is divided by 27*-3*(-2)/a?
8
Suppose -35*w + 28*w = -406. What is the remainder when w is divided by 15?
13
Let g = -632 + 795. Calculate the remainder when g is divided by 41.
40
Let z = -23 - -25. Suppose z = 5*u - w - 18, 3*w = -u - 12. Suppose -3*q - 160 = -5*a, u*q + 15 = -0*q. Calculate the remainder when a is divided by 5.
4
Suppose 2*w + 5*r - 25 = 0, 2*r - 5 = -4*w + r. Suppose w = -4*f + 28 + 48. Calculate the remainder when f is divided by 10.
9
Suppose -13*o - 20*o = -6*o - 513. Calculate the remainder when (6/(-4))/((-5)/120) is divided by o.
17
Suppose -82 = -4*u - 6. Suppose -25 = -3*h - 4. Suppose -h*j + j = -42. Calculate the remainder when u is divided by j.
5
Suppose -609 = 2*y + 2*y - 5*c, 5*y + c + 783 = 0. Let t be 3*-1*y/9. Suppose -3*a = 2*b - t, 3*a + b + 19 = 4*a. What is the remainder when a is divided by 5?
3
What is the remainder when ((-2)/4)/(12/(-648)) is divided by 1*-1*(7 + -14)?
6
Let n be 1/(-1) - (5 - 4). Let r be n*1/2 - -13. Suppose -2*j - j = -r. Calculate the remainder when 10 is divided by j.
2
Let m(b) = b**2 - 15*b - 20. Let i be m(17). Suppose -i*s = -12*s - 80. Calculate the remainder when 72 is divided by s.
32
Let s = 684 - 674. Calculate the remainder when 307 is divided by s.
7
Suppose -5*w = 4*v - 95, -w + 6*v - v = -19. Suppose 14*a + 170 = w*a. What is the remainder when a is divided by 18?
16
Suppose 4*k + 5*b - 57 = 0, 0 = 2*k + 3*k - 3*b - 25. Let f be 69/21 + 4/(-14). Suppose 23 + 70 = f*l. Calculate the remainder when l is divided by k.
7
Suppose 2*g = -n + 116, -18*g + 15*g - 3*n = -177. What is the remainder when 397 is divided by g?
55
Suppose 11*l - 196 = -42. Calculate the remainder when 291 is divided by l.
11
Let w(m) = m**2 - m + 5. Let b be w(0). Suppose -5*q - 20 = -b*x, -q + 1 + 25 = 5*x. What is the remainder when 19 is divided by x?
4
Suppose 23 = 4*a + 75. Let m be (-4)/(-3)*117/6. Let t = a + m. Calculate the remainder when 23 is divided by t.
10
Suppose 41*x - 2*x = 975. Calculate the remainder when x is divided by 14/5*(1 - -4).
11
Let g(i) = 18*i**2 - 2*i - 2. Let s(f) = -f**2 + f. Let p(v) = g(v) + 4*s(v). Calculate the remainder when p(2) is divided by 7*(2 - 1)*460/161.
18
What is the remainder when 119 is divided by (-21)/14 - ((-115)/10 + -6)?
7
Let b = -166 - -186. Calculate the remainder when 178 is divided by b.
18
Suppose -12*n - 112 = -316. What is the remainder when 162 is divided by n?
9
Let t(z) = -44*z**2 - 13 - 9*z - 4 + 45*z**2. Calculate the remainder when t(12) is divided by 7.
5
Suppose -14 = -4*d + 82. What is the remainder when d is divided by 14?
10
Suppose -728 = 13*m - 2912. Calculate the remainder when m is divided by 22.
14
Suppose -2*v + 15 = -2*o + 91, 0 = -4*v - 4. Calculate the remainder when o is divided by 31.
6
Let n(r) = -2*r**2 - 12*r - 19. Let a(l) = -l**2 - 6*l - 10. Let j(h) = 5*a(h) - 3*n(h). Calculate the remainder when j(-10) is divided by 16.
15
Let j = -1055 - -1090. Calculate the remainder when 416 is divided by j.
31
Suppose 5*y - 38 = -13. Calculate the remainder when 83 is divided by y.
3
Let v(y) = -y + 37. Let w = -9 + 11. Calculate the remainder when v(16) is divided by 13/w*2 - 1.
9
What is the remainder when 292 + (-63)/9 + -1 is divided by 26?
24
Let t(j) = j**2 + 3*j + 2. Let y be t(3). Let a(h) = -y + 10*h + 7*h + 1. What is the remainder when a(11) is divided by 34?
32
Suppose 136 = 3*u - 14. Suppose -u = 3*h - 4*h. What is the remainder when h is divided by 6/(-10) + -6 + (-490)/(-25)?
11
Suppose 80*s + 8155 = 116715. What is the remainder when s is divided by 68?
65
Suppose -5*l - 12 = -3*n, 0 = -5*n - 2*l - 25 + 45. Calculate the remainder when 39 is divided by n.
3
Suppose -399*r - 117 = -408*r. Suppose 2*x = -1 + 9. Suppose -x*s - 4 = -a, -4*a + 2*s + 29 = -s. Calculate the remainder when r is divided by a.
5
Suppose -5*v + 53 = -12. Suppose -3*h + 3*r + r + 26 = 0, 4*h + 2 = -2*r. Suppose o + h*o = 111. What is the remainder when o is divided by v?
11
Let r = -53 - -62. Let n(l) = -2*l**2 - 9*l - 6. Let k be n(-4). Calculate the remainder when r is divided by k/(14/(-3) + 4).
0
What is the remainder when (-5382)/115*40/(-6) is divided by 102?
6
Let f(z) = -z**3 - 12*z**2 - z - 2. Let l be f(-12). Suppose -4*v = l - 94. What is the remainder when 39 is divided by v?
18
Let k be ((-3)/(-2))/(1/8). Let r be (10/(-6))/(4/k). Calculate the remainder when 39 is divided by r/((-5)/(-2)) - -12.
9
Suppose -4*h = 4*i - 568, -2 = -h - 6. What is the remainder when i is divided by 7740/210 - (-2)/14?
35
Suppose -2*x + 6*x = 16. Suppose 0 = b - 25 - x. What is the remainder when 143 is divided by b?
27
Suppose 4*p = -4*l + 120, -12*p + 11*p + 34 = 2*l. What is the remainder when 596 is divided by p?
24
Suppose -6*s + 62 = -4. Calculate the remainder when s is divided by 6.
5
Suppose 5*c + 5*i = 5, -3*c + i - 1 = -5*c. Suppose 2*a + 2*a - 4*t - 208 = 0, -5*a - 4*t + 233 = c. What is the remainder when a is divided by 17?
15
Suppose 17*x = 123 + 13. What is the remainder when 51 is divided by x?
3
Let w(j) = j**2 + 13*j - 70. Calculate the remainder when w(-23) is divided by 18.
16
Calculate the remainder when 116 is divided by (-43)/2*(48 - 50).
30
Let m(z) = 5*z + 2. Let u be m(3). Suppose p - u = 2*p + 5*c, -4*p + 3*c = -24. Calculate the remainder when 1/(-2)*(-105 + p) is divided by 18.
15
Let w = -20 + 25. Let a be (-3)/w - 936/65. Calculate the remainder when a*(-2)/(-9)*-3 is divided by 2.
0
Let p = -41 + 64. Suppose -2*r = 4 - 2, p = 2*l - 3*r. Calculate the remainder when 47 is divided by l.
7
Let h be 138/(-3) - (-4 - -3). Calculate the remainder when 9 is divided by 2*(2/3)/((-20)/h).
0
Let u = -131 + 142. Calculate the remainder when 41 is divided by u.
8
Let v(i) = -i**3 - 6*i**2 - 6*i + 3. Let f be v(-5). Suppose f*o - 365 = 331. Calculate the remainder when o is divided by 22.
21
Suppose 0 = 5*s - 1191 - 159. Suppose 3*h + 2*h - s = 0. Calculate the remainder when 105 is divided by h/1*(-9)/(-18).
24
Let f(l) = l**2 - l + 1. Let b(u) = 78*u**2 - 2*u + 9. Let i(g) = b(g) - 6*f(g). What is the remainder when i(-1) is divided by (-4)/(-30)*-3*-30?
11
Suppose 0 = -5*a + 4*a + 34. Let f = -83 - -72. Let h = f + 20. Calculate the remainder when a is divided by h.
7
Let d(n) = 72*n**2 - 5*n - 2. Calculate the remainder when d(-1) is divided by 19.
18
Let j = 192 + -131. Suppose 25 - 1 = 3*q. What is the remainder when j is divided by q?
5
Let s(o) = 2*o**2 + 4*o + 2. Let f(q) = -5*q**2 - 7*q - 4. Let w(i) = 3*f(i) + 7*s(i). Calculate the remainder when 14 is divided by w(6).
6
Let p(y) = 2*y**2 + 2*y + 5. Suppose -4*r + 3*z = -114, -4*z = -5*r + r + 112. Calculate the remainder when p(7) is divided by r.
27
Let r(k) = 3*k + 151. Calculate the remainder when r(-24) is divided 